{"id":1043,"date":"2023-10-03T09:00:16","date_gmt":"2023-10-03T12:00:16","guid":{"rendered":"http:\/\/bommotor.com.br\/web\/?post_type=product&#038;p=1043"},"modified":"2023-12-19T15:38:31","modified_gmt":"2023-12-19T18:38:31","slug":"serie-lq-tq-jq","status":"publish","type":"product","link":"https:\/\/bommotor.com.br\/web\/produto\/serie-lq-tq-jq\/","title":{"rendered":"S\u00e9rie LQ-TQ-JQ"},"content":{"rendered":"<p>\u00c1GUAS SERVIDAS, ALIMENTA\u00c7\u00c3O DE CALDEIRAS, CABINES DE PINTURA, DRENAGEM, PRODUTOS QU\u00cdMICOS, TANQUES HIDROPNEUM\u00c1TICOS E PISCINAS<\/p>\n","protected":false},"excerpt":{"rendered":"<p>\u00c1GUAS SERVIDAS, ALIMENTA\u00c7\u00c3O DE CALDEIRAS, CABINES DE PINTURA, DRENAGEM, PRODUTOS QU\u00cdMICOS, TANQUES HIDROPNEUM\u00c1TICOS E PISCINAS<\/p>\n","protected":false},"featured_media":1350,"comment_status":"open","ping_status":"closed","template":"","meta":[],"product_cat":[15,33],"product_tag":[34,32],"_links":{"self":[{"href":"https:\/\/bommotor.com.br\/web\/wp-json\/wp\/v2\/product\/1043"}],"collection":[{"href":"https:\/\/bommotor.com.br\/web\/wp-json\/wp\/v2\/product"}],"about":[{"href":"https:\/\/bommotor.com.br\/web\/wp-json\/wp\/v2\/types\/product"}],"replies":[{"embeddable":true,"href":"https:\/\/bommotor.com.br\/web\/wp-json\/wp\/v2\/comments?post=1043"}],"wp:featuredmedia":[{"embeddable":true,"href":"https:\/\/bommotor.com.br\/web\/wp-json\/wp\/v2\/media\/1350"}],"wp:attachment":[{"href":"https:\/\/bommotor.com.br\/web\/wp-json\/wp\/v2\/media?parent=1043"}],"wp:term":[{"taxonomy":"product_cat","embeddable":true,"href":"https:\/\/bommotor.com.br\/web\/wp-json\/wp\/v2\/product_cat?post=1043"},{"taxonomy":"product_tag","embeddable":true,"href":"https:\/\/bommotor.com.br\/web\/wp-json\/wp\/v2\/product_tag?post=1043"}],"curies":[{"name":"wp","href":"https:\/\/api.w.org\/{rel}","templated":true}]}}