{"id":981,"date":"2023-10-02T08:10:45","date_gmt":"2023-10-02T11:10:45","guid":{"rendered":"https:\/\/bommotor.com.br\/web\/?post_type=product&#038;p=981"},"modified":"2023-10-27T07:36:34","modified_gmt":"2023-10-27T10:36:34","slug":"ra-rt-ras","status":"publish","type":"product","link":"https:\/\/bommotor.com.br\/web\/produto\/ra-rt-ras\/","title":{"rendered":"RA + RT + RAS"},"content":{"rendered":"<p class=\"cvGsUA direction-ltr align-start para-style-body\">Caracter\u00edsticas:<br \/>\nVaz\u00e3o at\u00e9: 400 m3\/h<br \/>\nAltura manom\u00e9trica at\u00e9: 60 m.c.a<br \/>\nTemperatura at\u00e9: 120\u00ba C<br \/>\nAplica\u00e7\u00f5es:<br \/>\nInd\u00fastrias de papel e celulose, caldo com bagacilho, l\u00edquidos residuais de usinas, ind\u00fastrias t\u00eaxteis e destilarias.<\/p>\n","protected":false},"excerpt":{"rendered":"<p>Caracter\u00edsticas: Vaz\u00e3o at\u00e9: 400 m3\/h Altura manom\u00e9trica at\u00e9: 60 m.c.a Temperatura at\u00e9: 120\u00ba C Aplica\u00e7\u00f5es: Ind\u00fastrias de papel e celulose, caldo com bagacilho, l\u00edquidos residuais de usinas, ind\u00fastrias t\u00eaxteis e destilarias.<\/p>\n","protected":false},"featured_media":1197,"comment_status":"open","ping_status":"closed","template":"","meta":[],"product_cat":[15,23],"product_tag":[24],"_links":{"self":[{"href":"https:\/\/bommotor.com.br\/web\/wp-json\/wp\/v2\/product\/981"}],"collection":[{"href":"https:\/\/bommotor.com.br\/web\/wp-json\/wp\/v2\/product"}],"about":[{"href":"https:\/\/bommotor.com.br\/web\/wp-json\/wp\/v2\/types\/product"}],"replies":[{"embeddable":true,"href":"https:\/\/bommotor.com.br\/web\/wp-json\/wp\/v2\/comments?post=981"}],"wp:featuredmedia":[{"embeddable":true,"href":"https:\/\/bommotor.com.br\/web\/wp-json\/wp\/v2\/media\/1197"}],"wp:attachment":[{"href":"https:\/\/bommotor.com.br\/web\/wp-json\/wp\/v2\/media?parent=981"}],"wp:term":[{"taxonomy":"product_cat","embeddable":true,"href":"https:\/\/bommotor.com.br\/web\/wp-json\/wp\/v2\/product_cat?post=981"},{"taxonomy":"product_tag","embeddable":true,"href":"https:\/\/bommotor.com.br\/web\/wp-json\/wp\/v2\/product_tag?post=981"}],"curies":[{"name":"wp","href":"https:\/\/api.w.org\/{rel}","templated":true}]}}