{"id":984,"date":"2023-10-02T08:13:04","date_gmt":"2023-10-02T11:13:04","guid":{"rendered":"https:\/\/bommotor.com.br\/web\/?post_type=product&#038;p=984"},"modified":"2023-10-15T12:12:45","modified_gmt":"2023-10-15T15:12:45","slug":"ini-ht","status":"publish","type":"product","link":"https:\/\/bommotor.com.br\/web\/produto\/ini-ht\/","title":{"rendered":"INI-HT"},"content":{"rendered":"<p class=\"cvGsUA direction-ltr align-start para-style-body\">Caracter\u00edsticas:<br \/>\nVaz\u00e3o at\u00e9: 600 m3\/h<br \/>\nAltura manom\u00e9trica at\u00e9: 230 m.c.a<br \/>\nTemperatura at\u00e9: 400\u00ba C<br \/>\nAplica\u00e7\u00f5es:<br \/>\nInd\u00fastrias papel e celulose, t\u00eaxteis, aliment\u00edcia, qu\u00edmicas e petroqu\u00edmicas, refinarias.<\/p>\n","protected":false},"excerpt":{"rendered":"<p>Caracter\u00edsticas: Vaz\u00e3o at\u00e9: 600 m3\/h Altura manom\u00e9trica at\u00e9: 230 m.c.a Temperatura at\u00e9: 400\u00ba C Aplica\u00e7\u00f5es: Ind\u00fastrias papel e celulose, t\u00eaxteis, aliment\u00edcia, qu\u00edmicas e petroqu\u00edmicas, refinarias.<\/p>\n","protected":false},"featured_media":1110,"comment_status":"open","ping_status":"closed","template":"","meta":[],"product_cat":[15,23],"product_tag":[24],"_links":{"self":[{"href":"https:\/\/bommotor.com.br\/web\/wp-json\/wp\/v2\/product\/984"}],"collection":[{"href":"https:\/\/bommotor.com.br\/web\/wp-json\/wp\/v2\/product"}],"about":[{"href":"https:\/\/bommotor.com.br\/web\/wp-json\/wp\/v2\/types\/product"}],"replies":[{"embeddable":true,"href":"https:\/\/bommotor.com.br\/web\/wp-json\/wp\/v2\/comments?post=984"}],"wp:featuredmedia":[{"embeddable":true,"href":"https:\/\/bommotor.com.br\/web\/wp-json\/wp\/v2\/media\/1110"}],"wp:attachment":[{"href":"https:\/\/bommotor.com.br\/web\/wp-json\/wp\/v2\/media?parent=984"}],"wp:term":[{"taxonomy":"product_cat","embeddable":true,"href":"https:\/\/bommotor.com.br\/web\/wp-json\/wp\/v2\/product_cat?post=984"},{"taxonomy":"product_tag","embeddable":true,"href":"https:\/\/bommotor.com.br\/web\/wp-json\/wp\/v2\/product_tag?post=984"}],"curies":[{"name":"wp","href":"https:\/\/api.w.org\/{rel}","templated":true}]}}