{"id":986,"date":"2023-10-02T08:14:37","date_gmt":"2023-10-02T11:14:37","guid":{"rendered":"https:\/\/bommotor.com.br\/web\/?post_type=product&#038;p=986"},"modified":"2023-10-15T12:09:26","modified_gmt":"2023-10-15T15:09:26","slug":"ncs","status":"publish","type":"product","link":"https:\/\/bommotor.com.br\/web\/produto\/ncs\/","title":{"rendered":"NCS"},"content":{"rendered":"<p class=\"cvGsUA direction-ltr align-start para-style-body\">Caracter\u00edsticas:<br \/>\nVaz\u00e3o at\u00e9: 9.000 m\u00b3\/h<br \/>\nAltura manom\u00e9trica at\u00e9: 30 m.c.a.<br \/>\nTemperatura at\u00e9: 105\u00ba C<br \/>\nAplica\u00e7\u00f5es:<br \/>\nAbastecimento de \u00e1gua, esgotos sanit\u00e1rios, tratamento de efluentes, lodo prim\u00e1rio, lodo secund\u00e1rio, recircula\u00e7\u00e3o de lodo, alimentos e bebidas, a\u00e7\u00facar e \u00e1lcool, papel e celulose e servi\u00e7os gerais.<\/p>\n","protected":false},"excerpt":{"rendered":"<p>Caracter\u00edsticas: Vaz\u00e3o at\u00e9: 9.000 m\u00b3\/h Altura manom\u00e9trica at\u00e9: 30 m.c.a. Temperatura at\u00e9: 105\u00ba C Aplica\u00e7\u00f5es: Abastecimento de \u00e1gua, esgotos sanit\u00e1rios, tratamento de efluentes, lodo prim\u00e1rio, lodo secund\u00e1rio, recircula\u00e7\u00e3o de lodo, alimentos e bebidas, a\u00e7\u00facar e \u00e1lcool, papel e celulose e servi\u00e7os gerais.<\/p>\n","protected":false},"featured_media":1108,"comment_status":"open","ping_status":"closed","template":"","meta":[],"product_cat":[15,23],"product_tag":[24],"_links":{"self":[{"href":"https:\/\/bommotor.com.br\/web\/wp-json\/wp\/v2\/product\/986"}],"collection":[{"href":"https:\/\/bommotor.com.br\/web\/wp-json\/wp\/v2\/product"}],"about":[{"href":"https:\/\/bommotor.com.br\/web\/wp-json\/wp\/v2\/types\/product"}],"replies":[{"embeddable":true,"href":"https:\/\/bommotor.com.br\/web\/wp-json\/wp\/v2\/comments?post=986"}],"wp:featuredmedia":[{"embeddable":true,"href":"https:\/\/bommotor.com.br\/web\/wp-json\/wp\/v2\/media\/1108"}],"wp:attachment":[{"href":"https:\/\/bommotor.com.br\/web\/wp-json\/wp\/v2\/media?parent=986"}],"wp:term":[{"taxonomy":"product_cat","embeddable":true,"href":"https:\/\/bommotor.com.br\/web\/wp-json\/wp\/v2\/product_cat?post=986"},{"taxonomy":"product_tag","embeddable":true,"href":"https:\/\/bommotor.com.br\/web\/wp-json\/wp\/v2\/product_tag?post=986"}],"curies":[{"name":"wp","href":"https:\/\/api.w.org\/{rel}","templated":true}]}}