{"id":991,"date":"2023-10-02T08:17:48","date_gmt":"2023-10-02T11:17:48","guid":{"rendered":"https:\/\/bommotor.com.br\/web\/?post_type=product&#038;p=991"},"modified":"2023-10-02T08:21:18","modified_gmt":"2023-10-02T11:21:18","slug":"aguas-sujas","status":"publish","type":"product","link":"https:\/\/bommotor.com.br\/web\/produto\/aguas-sujas\/","title":{"rendered":"\u00c1guas Sujas"},"content":{"rendered":"<p>\u00c1GUAS SERVIDAS, SUJAS, LAMA, ESGOTO, EFLUENTES INDUSTRIAIS, FLU\u00cdDOS CORROSIVOS E AERADORES SUBMERS\u00cdVEIS<\/p>\n","protected":false},"excerpt":{"rendered":"<p>\u00c1GUAS SERVIDAS, SUJAS, LAMA, ESGOTO, EFLUENTES INDUSTRIAIS, FLU\u00cdDOS CORROSIVOS E AERADORES SUBMERS\u00cdVEIS<\/p>\n","protected":false},"featured_media":992,"comment_status":"open","ping_status":"closed","template":"","meta":[],"product_cat":[15,25],"product_tag":[24,26],"_links":{"self":[{"href":"https:\/\/bommotor.com.br\/web\/wp-json\/wp\/v2\/product\/991"}],"collection":[{"href":"https:\/\/bommotor.com.br\/web\/wp-json\/wp\/v2\/product"}],"about":[{"href":"https:\/\/bommotor.com.br\/web\/wp-json\/wp\/v2\/types\/product"}],"replies":[{"embeddable":true,"href":"https:\/\/bommotor.com.br\/web\/wp-json\/wp\/v2\/comments?post=991"}],"wp:featuredmedia":[{"embeddable":true,"href":"https:\/\/bommotor.com.br\/web\/wp-json\/wp\/v2\/media\/992"}],"wp:attachment":[{"href":"https:\/\/bommotor.com.br\/web\/wp-json\/wp\/v2\/media?parent=991"}],"wp:term":[{"taxonomy":"product_cat","embeddable":true,"href":"https:\/\/bommotor.com.br\/web\/wp-json\/wp\/v2\/product_cat?post=991"},{"taxonomy":"product_tag","embeddable":true,"href":"https:\/\/bommotor.com.br\/web\/wp-json\/wp\/v2\/product_tag?post=991"}],"curies":[{"name":"wp","href":"https:\/\/api.w.org\/{rel}","templated":true}]}}